 divided by 15?
8
Let t be 1/(-5) + 22/10. Suppose 0 = t*a - 4*q - 88, -80 = -2*a + 5*q + 6. Calculate the remainder when a is divided by 17.
14
Suppose 0 = -2*i + b + b + 2, -4*b = -3*i + 5. What is the remainder when 5 - (2/i - -1) is divided by 4?
2
Let v = 43 + 0. Let h(y) = -y**2 + 7*y + 41. Calculate the remainder when v is divided by h(10).
10
Let l(p) = 4*p**2 + p + 1. Let o be l(2). Let n = -12 + o. What is the remainder when 25 is divided by n?
4
Let j(u) = 2*u**2 - 5*u + 1. Let d be j(-4). Suppose -g + 18 = x + 3, 0 = 3*x - 5*g - d. Calculate the remainder when 30 is divided by x.
14
Let y(o) = -o**3 + 6*o**2 + 8*o - 5. What is the remainder when y(7) is divided by 2?
0
Let m = 14 + -14. Let z(t) = -4*t + 3. Let r be z(-3). Suppose m = k + 4*k - r. What is the remainder when 3 is divided by k?
0
Let w = -4 + 3. Let t = 3 + w. What is the remainder when 4 is divided by t?
0
Suppose -n + 12 + 0 = 0. What is the remainder when n is divided by (-7 - -9)/(8/140*5)?
5
Let t(y) = -y**3 + 3*y**2 + 6*y - 1. Let d be t(4). Let w = d - -7. What is the remainder when w is divided by 5?
4
Let o(n) = -2*n - 6. Let f be (-4)/(-10) - (-27)/(-5). Suppose 0 = s - 3. Calculate the remainder when o(f) is divided by s.
1
Calculate the remainder when 64 is divided by (12/15)/((-14)/(-385)).
20
Suppose -5*t + 1 = -n, 58 = 4*n + 3*t - 7. Let y = 26 - n. What is the remainder when 23 is divided by y?
11
Suppose 0 = o + o, 8 = 2*t - 3*o. Suppose t*m = -3*z - z + 68, 40 = 2*m - z. Calculate the remainder when m is divided by ((-33)/9)/((-1)/3).
8
Suppose -4*c + 96 = -52. What is the remainder when c is divided by 13?
11
Suppose -4*f + 2*f + 46 = m, 0 = 5*m + 5*f - 255. What is the remainder when m is divided by (348/(-24))/((-1)/2)?
27
Let q = 26 - 13. Let u = 25 - q. Calculate the remainder when u is divided by 7.
5
Let x(q) = q**3 + 6*q**2 + 5*q - 3. Let j = 2 + 15. Calculate the remainder when j is divided by x(-4).
8
Suppose -2*d - 29 + 187 = 0. Let r = d + -46. Calculate the remainder when r is divided by 12.
9
Let t(i) = -i**3 + 3*i**2 - 1. Let x be t(3). Suppose -4*z + 3*z = -19. What is the remainder when z is divided by (4/(-6))/(x/15)?
9
Let h = 9 + -19. Let q be 65/(-25) - (-4)/h. Let s = q + 16. What is the remainder when s is divided by 7?
6
Suppose 2*u - 12 = 24. What is the remainder when 158 is divided by u?
14
Let m be 20/(-24) - 1/6. Let p(l) = -38*l. Calculate the remainder when p(m) is divided by 20.
18
Let x(z) = z**3 - 5*z**2 - 5*z - 4. Let y be x(6). Suppose -2*f = y*f, f - 60 = -2*k. Calculate the remainder when k is divided by 8.
6
Let v(z) = -z**2 + 4*z - 1. Let r be v(5). Let t = 40 - 17. Calculate the remainder when t is divided by ((-26)/r)/(1/3).
10
What is the remainder when 63 is divided by ((-88)/10)/(2/(-5))?
19
Let l(v) = 6*v**3 - v**2 - 2*v + 1. Suppose 0 = 5*h + 3*y - 13 - 6, -y = -4*h + 5. What is the remainder when l(h) is divided by 11?
8
Suppose 4*z = j - 11, -j + 2*j + 4*z + 5 = 0. Calculate the remainder when 10 is divided by 20/j + (-2)/3.
4
Suppose 63 = 6*l - 3*l. What is the remainder when l is divided by 11?
10
Suppose -4*n + i + 2*i + 126 = 0, -n + 2*i + 29 = 0. Suppose 2*m + 2*a = 16, -5*m + 10*m - a - 64 = 0. What is the remainder when n is divided by m?
9
Let g(f) = -f + 1. Let l = 1 + -4. Calculate the remainder when 18 is divided by g(l).
2
Let s = 11 + -4. Let b(n) = n**2 + 3*n - 7. Calculate the remainder when s is divided by b(-5).
1
What is the remainder when 277/9 - 2/(-9) is divided by 18?
13
Let w(r) = -r**2 - 8*r + 46. What is the remainder when w(-10) is divided by 10?
6
Let q = 0 + 2. Let m(v) = v**3 - 2*v**2 + v. Let b be m(q). Suppose 3*z = i - 19, 3*z + 10 = b*i - 25. Calculate the remainder when i is divided by 6.
4
Calculate the remainder when 67 is divided by (1 - (-339)/21) + (-2)/14.
16
Let h be (-5 - (0 + -2)) + -11. Let b = 17 + h. Calculate the remainder when 8 is divided by b.
2
Let o(w) = -w**3 - 4*w**2 + 5. Let r be o(-4). Let k(l) = 4*l - 7. Calculate the remainder when 24 is divided by k(r).
11
Suppose -5*p - 4*f = -311, p + f = -0*f + 62. Calculate the remainder when p is divided by 16.
15
Let i be (-2)/((-110)/106 - -1). Suppose -4*z + i - 13 = 0. Suppose -5*r + t - 114 = -z*r, -5*r - 2*t + 113 = 0. What is the remainder when r is divided by 12?
11
Let x(q) be the second derivative of q**3/3 - q**2/2 - q. Let s = -20 + 35. Calculate the remainder when s is divided by x(5).
6
Suppose -49 = -2*u - u - 5*s, -s + 28 = 2*u. Let n = 20 - 14. Suppose 5*t - n = -2*y - 21, 0 = 5*t + 25. What is the remainder when u is divided by y?
3
Suppose -8*m = -4*m. Suppose -5*y + m*y = -105. What is the remainder when y is divided by 8?
5
Suppose 3*p = 1 + 74. Suppose -2*g - 21 = -5*g. What is the remainder when p is divided by g?
4
Let n = 5 - 3. Suppose -n*x = -7*x + 60. What is the remainder when x is divided by 7?
5
Suppose -55 = -5*t + k, 0 = -k + 6*k. Calculate the remainder when t is divided by -1*1/1*-4.
3
Let m(u) be the second derivative of 2*u**3/3 - u**2/2 + 3*u. Calculate the remainder when 676/12 + 1/(-3) is divided by m(5).
18
Let f(a) = -a**3 - 6*a**2 + 6*a - 5. Let v be f(-7). Let b = v - 6. What is the remainder when 10 is divided by (b/(-5))/(4/30)?
4
Suppose 24 = n - 15. Calculate the remainder when n is divided by 14.
11
Let a = 4 - 3. Calculate the remainder when (-2)/a + 1 + 33 is divided by 17.
15
Suppose 3*k + 6*z = z + 26, -6 = k - 2*z. Suppose 6*f = k*s + 3*f - 22, -2*f - 12 = -s. Calculate the remainder when 14 is divided by s.
6
Let m = -5 + 8. Suppose -4*t + 3*k = 5 - 48, 2*k = -m*t + 45. Calculate the remainder when 24 is divided by t.
11
Suppose 5*s - 25 = -0. Let g be -12*(-2 - s/(-3)). Calculate the remainder when ((-62)/(-4))/(2/g) is divided by 11.
9
Let n(l) = -l**3 + 12*l**2 + 15*l - 5. Let y be n(13). Calculate the remainder when 4/(-3)*(-2 - 1) is divided by 1/(-7) + 66/y.
1
Let i = 51 - -41. Let l = i + -49. Let w = 13 + 2. Calculate the remainder when l is divided by w.
13
Suppose -u = -87 + 22. What is the remainder when u is divided by 17?
14
Let i be -2 + 2 + 2 + 0. Suppose 6 = -i*v, -2*v + 6*v + 10 = -2*m. Suppose o - 6*o + 6 = -h, 0 = -3*o + h + 4. Calculate the remainder when o is divided by m.
0
Let x(c) = -c**3 + 5*c**2 + 5*c + 2. What is the remainder when x(-3) is divided by 15?
14
Let x = 0 - -3. Suppose 0 = 2*g - 5*y + y - 6, -g + x = -4*y. Suppose 4*f + l - 47 = 0, -g*l - 25 = 2*l. What is the remainder when 36 is divided by f?
10
Let s(w) = w - 20. Let u be s(0). Let p be (-3)/6*1*u. Suppose -m + p + 28 = 0. What is the remainder when m is divided by 13?
12
Let i be ((-4)/4)/((-4)/(-20)). What is the remainder when -11*i/((-10)/(-14)) is divided by (-20)/((3 + -1)/(-2))?
17
Let x be (-2 - (-10)/4)*-26. Suppose 0 = 4*n + 5*i - 74, -4*i = -n - 9*i + 11. Let z = n + x. What is the remainder when 30 is divided by z?
6
Suppose 44 = 3*u - 4*x, 76 = 2*u + u + 4*x. What is the remainder when 77 is divided by u?
17
Calculate the remainder when 97 is divided by 1662/66 - 4/22.
22
Calculate the remainder when 1930*(-8)/(-100) + (-3)/(-5) is divided by 26.
25
Suppose 8 = z - 0*z. What is the remainder when z is divided by 3?
2
Let b be (-15)/2*(-8)/5. Let x be (-14)/3 + 8/b. Let q(j) = j**2 + 2*j - 3. Calculate the remainder when 9 is divided by q(x).
4
Let z be 294/9 + (-2)/3. Suppose 0 = f + 3*f - z. What is the remainder when 22 is divided by f?
6
Suppose -18 = 4*s + 18. Let u be (s/2)/((-2)/(-4)). What is the remainder when 33 is divided by (-155)/u + 6/(-27)?
16
Calculate the remainder when 91 is divided by 837/36 + 1/(-4).
22
Let v(l) = -3*l - 9. Calculate the remainder when 13 is divided by v(-4).
1
Suppose -4*b + 5 + 3 = 0. What is the remainder when 89 is divided by (-100)/(-2 - 2) - b?
20
Suppose u + 2 = 3. Let l be 5/5 + (-1 - 2). What is the remainder when u is divided by l - 6*2/(-4)?
0
Let d(f) = 3*f**2 - 13*f. Calculate the remainder when d(6) is divided by 8.
6
Let u(p) be the first derivative of p**4/4 + 5*p**3/3 - 4*p**2 + 5*p + 4. What is the remainder when u(-6) is divided by 6?
5
Let n be -1*(-3 + -2) + -3. Suppose 3*h + 25 = 5*w, n*w + 3*w - 30 = 2*h. What is the remainder when w is divided by 5?
3
Let v = 102 - 51. Suppose -4*n 